{"id":447,"date":"2022-07-27T13:44:22","date_gmt":"2022-07-27T13:44:22","guid":{"rendered":"https:\/\/impresionexpress.com.co\/?post_type=product&#038;p=447"},"modified":"2022-08-09T02:38:06","modified_gmt":"2022-08-09T02:38:06","slug":"tarjetas-de-presentacion","status":"publish","type":"product","link":"https:\/\/impresionexpress.com.co\/index.php\/product\/tarjetas-de-presentacion\/","title":{"rendered":"Tarjetas de Presentaci\u00f3n"},"content":{"rendered":"","protected":false},"excerpt":{"rendered":"<h3>Impresi\u00f3n litogr\u00e1fica de tarjetas de presentaci\u00f3n de empresas, personales con brillo uv parcial y plastificadas si se requiere.<\/h3>\n","protected":false},"featured_media":1228,"template":"","meta":{"_monsterinsights_skip_tracking":false,"_monsterinsights_sitenote_active":false,"_monsterinsights_sitenote_note":"","_monsterinsights_sitenote_category":0},"product_cat":[62],"product_tag":[181,182,183,184,180],"aioseo_notices":[],"_links":{"self":[{"href":"https:\/\/impresionexpress.com.co\/index.php\/wp-json\/wp\/v2\/product\/447"}],"collection":[{"href":"https:\/\/impresionexpress.com.co\/index.php\/wp-json\/wp\/v2\/product"}],"about":[{"href":"https:\/\/impresionexpress.com.co\/index.php\/wp-json\/wp\/v2\/types\/product"}],"version-history":[{"count":3,"href":"https:\/\/impresionexpress.com.co\/index.php\/wp-json\/wp\/v2\/product\/447\/revisions"}],"predecessor-version":[{"id":910,"href":"https:\/\/impresionexpress.com.co\/index.php\/wp-json\/wp\/v2\/product\/447\/revisions\/910"}],"wp:featuredmedia":[{"embeddable":true,"href":"https:\/\/impresionexpress.com.co\/index.php\/wp-json\/wp\/v2\/media\/1228"}],"wp:attachment":[{"href":"https:\/\/impresionexpress.com.co\/index.php\/wp-json\/wp\/v2\/media?parent=447"}],"wp:term":[{"taxonomy":"product_cat","embeddable":true,"href":"https:\/\/impresionexpress.com.co\/index.php\/wp-json\/wp\/v2\/product_cat?post=447"},{"taxonomy":"product_tag","embeddable":true,"href":"https:\/\/impresionexpress.com.co\/index.php\/wp-json\/wp\/v2\/product_tag?post=447"}],"curies":[{"name":"wp","href":"https:\/\/api.w.org\/{rel}","templated":true}]}}