{"id":616,"date":"2022-07-29T00:04:45","date_gmt":"2022-07-29T00:04:45","guid":{"rendered":"https:\/\/impresionexpress.com.co\/?post_type=product&#038;p=616"},"modified":"2022-08-10T02:17:37","modified_gmt":"2022-08-10T02:17:37","slug":"papeleria-corporativa","status":"publish","type":"product","link":"https:\/\/impresionexpress.com.co\/index.php\/product\/papeleria-corporativa\/","title":{"rendered":"Papeler\u00eda Corporativa"},"content":{"rendered":"","protected":false},"excerpt":{"rendered":"<h3>Impresi\u00f3n de papeler\u00eda corporativa, hojas membrete en bond, facturas, remisiones, recibos de caja,entre otros,\u00a0 en papel qu\u00edmico, y m\u00e1s.<\/h3>\n","protected":false},"featured_media":1276,"template":"","meta":{"_monsterinsights_skip_tracking":false,"_monsterinsights_sitenote_active":false,"_monsterinsights_sitenote_note":"","_monsterinsights_sitenote_category":0},"product_cat":[62],"product_tag":[154,158,129,193,191,192,195,131,194],"aioseo_notices":[],"_links":{"self":[{"href":"https:\/\/impresionexpress.com.co\/index.php\/wp-json\/wp\/v2\/product\/616"}],"collection":[{"href":"https:\/\/impresionexpress.com.co\/index.php\/wp-json\/wp\/v2\/product"}],"about":[{"href":"https:\/\/impresionexpress.com.co\/index.php\/wp-json\/wp\/v2\/types\/product"}],"version-history":[{"count":2,"href":"https:\/\/impresionexpress.com.co\/index.php\/wp-json\/wp\/v2\/product\/616\/revisions"}],"predecessor-version":[{"id":928,"href":"https:\/\/impresionexpress.com.co\/index.php\/wp-json\/wp\/v2\/product\/616\/revisions\/928"}],"wp:featuredmedia":[{"embeddable":true,"href":"https:\/\/impresionexpress.com.co\/index.php\/wp-json\/wp\/v2\/media\/1276"}],"wp:attachment":[{"href":"https:\/\/impresionexpress.com.co\/index.php\/wp-json\/wp\/v2\/media?parent=616"}],"wp:term":[{"taxonomy":"product_cat","embeddable":true,"href":"https:\/\/impresionexpress.com.co\/index.php\/wp-json\/wp\/v2\/product_cat?post=616"},{"taxonomy":"product_tag","embeddable":true,"href":"https:\/\/impresionexpress.com.co\/index.php\/wp-json\/wp\/v2\/product_tag?post=616"}],"curies":[{"name":"wp","href":"https:\/\/api.w.org\/{rel}","templated":true}]}}