{"id":680,"date":"2022-07-29T22:34:08","date_gmt":"2022-07-29T22:34:08","guid":{"rendered":"https:\/\/impresionexpress.com.co\/?post_type=product&#038;p=680"},"modified":"2022-08-10T02:59:30","modified_gmt":"2022-08-10T02:59:30","slug":"ampliacion","status":"publish","type":"product","link":"https:\/\/impresionexpress.com.co\/index.php\/product\/ampliacion\/","title":{"rendered":"Ampliaci\u00f3n"},"content":{"rendered":"","protected":false},"excerpt":{"rendered":"<h3>Ampliaci\u00f3n de documentos, im\u00e1genes entre otros<\/h3>\n","protected":false},"featured_media":1290,"template":"","meta":{"_monsterinsights_skip_tracking":false,"_monsterinsights_sitenote_active":false,"_monsterinsights_sitenote_note":"","_monsterinsights_sitenote_category":0},"product_cat":[51],"product_tag":[133,98,135,134],"aioseo_notices":[],"_links":{"self":[{"href":"https:\/\/impresionexpress.com.co\/index.php\/wp-json\/wp\/v2\/product\/680"}],"collection":[{"href":"https:\/\/impresionexpress.com.co\/index.php\/wp-json\/wp\/v2\/product"}],"about":[{"href":"https:\/\/impresionexpress.com.co\/index.php\/wp-json\/wp\/v2\/types\/product"}],"version-history":[{"count":5,"href":"https:\/\/impresionexpress.com.co\/index.php\/wp-json\/wp\/v2\/product\/680\/revisions"}],"predecessor-version":[{"id":867,"href":"https:\/\/impresionexpress.com.co\/index.php\/wp-json\/wp\/v2\/product\/680\/revisions\/867"}],"wp:featuredmedia":[{"embeddable":true,"href":"https:\/\/impresionexpress.com.co\/index.php\/wp-json\/wp\/v2\/media\/1290"}],"wp:attachment":[{"href":"https:\/\/impresionexpress.com.co\/index.php\/wp-json\/wp\/v2\/media?parent=680"}],"wp:term":[{"taxonomy":"product_cat","embeddable":true,"href":"https:\/\/impresionexpress.com.co\/index.php\/wp-json\/wp\/v2\/product_cat?post=680"},{"taxonomy":"product_tag","embeddable":true,"href":"https:\/\/impresionexpress.com.co\/index.php\/wp-json\/wp\/v2\/product_tag?post=680"}],"curies":[{"name":"wp","href":"https:\/\/api.w.org\/{rel}","templated":true}]}}