{"id":828,"date":"2022-08-03T02:46:59","date_gmt":"2022-08-03T02:46:59","guid":{"rendered":"https:\/\/impresionexpress.com.co\/?post_type=product&#038;p=828"},"modified":"2022-08-11T03:47:35","modified_gmt":"2022-08-11T03:47:35","slug":"fotocopias-laser","status":"publish","type":"product","link":"https:\/\/impresionexpress.com.co\/index.php\/product\/fotocopias-laser\/","title":{"rendered":"Fotocopias L\u00e1ser"},"content":{"rendered":"","protected":false},"excerpt":{"rendered":"<h3>Fotocopias l\u00e1ser a color y negro, de alta resoluci\u00f3n para gr\u00e1ficos, c\u00f3digos, imagenes de alto detalle. Alta nitidez para documentos, trabajos empresariales y licitaciones, fotocopias de libros.<\/h3>\n","protected":false},"featured_media":1225,"template":"","meta":{"_monsterinsights_skip_tracking":false,"_monsterinsights_sitenote_active":false,"_monsterinsights_sitenote_note":"","_monsterinsights_sitenote_category":0},"product_cat":[51],"product_tag":[],"aioseo_notices":[],"_links":{"self":[{"href":"https:\/\/impresionexpress.com.co\/index.php\/wp-json\/wp\/v2\/product\/828"}],"collection":[{"href":"https:\/\/impresionexpress.com.co\/index.php\/wp-json\/wp\/v2\/product"}],"about":[{"href":"https:\/\/impresionexpress.com.co\/index.php\/wp-json\/wp\/v2\/types\/product"}],"version-history":[{"count":5,"href":"https:\/\/impresionexpress.com.co\/index.php\/wp-json\/wp\/v2\/product\/828\/revisions"}],"predecessor-version":[{"id":1368,"href":"https:\/\/impresionexpress.com.co\/index.php\/wp-json\/wp\/v2\/product\/828\/revisions\/1368"}],"wp:featuredmedia":[{"embeddable":true,"href":"https:\/\/impresionexpress.com.co\/index.php\/wp-json\/wp\/v2\/media\/1225"}],"wp:attachment":[{"href":"https:\/\/impresionexpress.com.co\/index.php\/wp-json\/wp\/v2\/media?parent=828"}],"wp:term":[{"taxonomy":"product_cat","embeddable":true,"href":"https:\/\/impresionexpress.com.co\/index.php\/wp-json\/wp\/v2\/product_cat?post=828"},{"taxonomy":"product_tag","embeddable":true,"href":"https:\/\/impresionexpress.com.co\/index.php\/wp-json\/wp\/v2\/product_tag?post=828"}],"curies":[{"name":"wp","href":"https:\/\/api.w.org\/{rel}","templated":true}]}}