{"id":879,"date":"2022-08-04T04:04:02","date_gmt":"2022-08-04T04:04:02","guid":{"rendered":"https:\/\/impresionexpress.com.co\/?post_type=product&#038;p=879"},"modified":"2022-08-11T04:12:21","modified_gmt":"2022-08-11T04:12:21","slug":"posters-y-afiches","status":"publish","type":"product","link":"https:\/\/impresionexpress.com.co\/index.php\/product\/posters-y-afiches\/","title":{"rendered":"Posters y Afiches"},"content":{"rendered":"","protected":false},"excerpt":{"rendered":"<h3>Impresi\u00f3n de afiches y Posters, para publicidad, dise\u00f1o, personalizados, emprendimientos. Tama\u00f1os carta, tabloide, medio pliego, pliego<\/h3>\n","protected":false},"featured_media":1299,"template":"","meta":{"_monsterinsights_skip_tracking":false,"_monsterinsights_sitenote_active":false,"_monsterinsights_sitenote_note":"","_monsterinsights_sitenote_category":0},"product_cat":[51],"product_tag":[151,154,152,153,134,150,155],"aioseo_notices":[],"_links":{"self":[{"href":"https:\/\/impresionexpress.com.co\/index.php\/wp-json\/wp\/v2\/product\/879"}],"collection":[{"href":"https:\/\/impresionexpress.com.co\/index.php\/wp-json\/wp\/v2\/product"}],"about":[{"href":"https:\/\/impresionexpress.com.co\/index.php\/wp-json\/wp\/v2\/types\/product"}],"version-history":[{"count":2,"href":"https:\/\/impresionexpress.com.co\/index.php\/wp-json\/wp\/v2\/product\/879\/revisions"}],"predecessor-version":[{"id":882,"href":"https:\/\/impresionexpress.com.co\/index.php\/wp-json\/wp\/v2\/product\/879\/revisions\/882"}],"wp:featuredmedia":[{"embeddable":true,"href":"https:\/\/impresionexpress.com.co\/index.php\/wp-json\/wp\/v2\/media\/1299"}],"wp:attachment":[{"href":"https:\/\/impresionexpress.com.co\/index.php\/wp-json\/wp\/v2\/media?parent=879"}],"wp:term":[{"taxonomy":"product_cat","embeddable":true,"href":"https:\/\/impresionexpress.com.co\/index.php\/wp-json\/wp\/v2\/product_cat?post=879"},{"taxonomy":"product_tag","embeddable":true,"href":"https:\/\/impresionexpress.com.co\/index.php\/wp-json\/wp\/v2\/product_tag?post=879"}],"curies":[{"name":"wp","href":"https:\/\/api.w.org\/{rel}","templated":true}]}}