{"id":935,"date":"2022-08-05T03:38:11","date_gmt":"2022-08-05T03:38:11","guid":{"rendered":"https:\/\/impresionexpress.com.co\/?post_type=product&#038;p=935"},"modified":"2022-08-19T21:58:40","modified_gmt":"2022-08-20T02:58:40","slug":"arriendo-y-produccion-de-vallas","status":"publish","type":"product","link":"https:\/\/impresionexpress.com.co\/index.php\/product\/arriendo-y-produccion-de-vallas\/","title":{"rendered":"Arriendo y producci\u00f3n de vallas"},"content":{"rendered":"","protected":false},"excerpt":{"rendered":"<h3>Arriendo, producci\u00f3n e instalaci\u00f3n de vallas publicitarias, para empresas\u00a0 como constructoras, entidades financieras, multinacionales, Hipermercados, centro comerciales, entre otros. Mantenimiento y vallas con troqueles.<\/h3>\n","protected":false},"featured_media":1308,"template":"","meta":{"_monsterinsights_skip_tracking":false,"_monsterinsights_sitenote_active":false,"_monsterinsights_sitenote_note":"","_monsterinsights_sitenote_category":0},"product_cat":[46],"product_tag":[207,208,206,171],"aioseo_notices":[],"_links":{"self":[{"href":"https:\/\/impresionexpress.com.co\/index.php\/wp-json\/wp\/v2\/product\/935"}],"collection":[{"href":"https:\/\/impresionexpress.com.co\/index.php\/wp-json\/wp\/v2\/product"}],"about":[{"href":"https:\/\/impresionexpress.com.co\/index.php\/wp-json\/wp\/v2\/types\/product"}],"version-history":[{"count":4,"href":"https:\/\/impresionexpress.com.co\/index.php\/wp-json\/wp\/v2\/product\/935\/revisions"}],"predecessor-version":[{"id":1421,"href":"https:\/\/impresionexpress.com.co\/index.php\/wp-json\/wp\/v2\/product\/935\/revisions\/1421"}],"wp:featuredmedia":[{"embeddable":true,"href":"https:\/\/impresionexpress.com.co\/index.php\/wp-json\/wp\/v2\/media\/1308"}],"wp:attachment":[{"href":"https:\/\/impresionexpress.com.co\/index.php\/wp-json\/wp\/v2\/media?parent=935"}],"wp:term":[{"taxonomy":"product_cat","embeddable":true,"href":"https:\/\/impresionexpress.com.co\/index.php\/wp-json\/wp\/v2\/product_cat?post=935"},{"taxonomy":"product_tag","embeddable":true,"href":"https:\/\/impresionexpress.com.co\/index.php\/wp-json\/wp\/v2\/product_tag?post=935"}],"curies":[{"name":"wp","href":"https:\/\/api.w.org\/{rel}","templated":true}]}}