{"id":948,"date":"2022-08-05T03:42:42","date_gmt":"2022-08-05T03:42:42","guid":{"rendered":"https:\/\/impresionexpress.com.co\/?post_type=product&#038;p=948"},"modified":"2022-08-17T21:02:57","modified_gmt":"2022-08-18T02:02:57","slug":"senalizacion","status":"publish","type":"product","link":"https:\/\/impresionexpress.com.co\/index.php\/product\/senalizacion\/","title":{"rendered":"Se\u00f1alizaci\u00f3n"},"content":{"rendered":"","protected":false},"excerpt":{"rendered":"<h2>Para empresas, centros comerciales, restaurantes y locales, en vinilo, acr\u00edlico, poliestireno , madera y mdf y tambi\u00e9n Se\u00f1alizaci\u00f3n empresarial y comercial.<\/h2>\n","protected":false},"featured_media":1324,"template":"","meta":{"_monsterinsights_skip_tracking":false,"_monsterinsights_sitenote_active":false,"_monsterinsights_sitenote_note":"","_monsterinsights_sitenote_category":0},"product_cat":[46],"product_tag":[219,223,227,229,228],"aioseo_notices":[],"_links":{"self":[{"href":"https:\/\/impresionexpress.com.co\/index.php\/wp-json\/wp\/v2\/product\/948"}],"collection":[{"href":"https:\/\/impresionexpress.com.co\/index.php\/wp-json\/wp\/v2\/product"}],"about":[{"href":"https:\/\/impresionexpress.com.co\/index.php\/wp-json\/wp\/v2\/types\/product"}],"version-history":[{"count":2,"href":"https:\/\/impresionexpress.com.co\/index.php\/wp-json\/wp\/v2\/product\/948\/revisions"}],"predecessor-version":[{"id":1408,"href":"https:\/\/impresionexpress.com.co\/index.php\/wp-json\/wp\/v2\/product\/948\/revisions\/1408"}],"wp:featuredmedia":[{"embeddable":true,"href":"https:\/\/impresionexpress.com.co\/index.php\/wp-json\/wp\/v2\/media\/1324"}],"wp:attachment":[{"href":"https:\/\/impresionexpress.com.co\/index.php\/wp-json\/wp\/v2\/media?parent=948"}],"wp:term":[{"taxonomy":"product_cat","embeddable":true,"href":"https:\/\/impresionexpress.com.co\/index.php\/wp-json\/wp\/v2\/product_cat?post=948"},{"taxonomy":"product_tag","embeddable":true,"href":"https:\/\/impresionexpress.com.co\/index.php\/wp-json\/wp\/v2\/product_tag?post=948"}],"curies":[{"name":"wp","href":"https:\/\/api.w.org\/{rel}","templated":true}]}}